 the highest common factor of 94640 and 579040?
560
What is the greatest common divisor of 255944 and 47528?
104
What is the highest common factor of 3928957 and 526?
263
What is the greatest common divisor of 123795 and 346185?
315
Calculate the highest common factor of 2000380 and 400.
20
What is the highest common factor of 1382 and 161588968?
1382
What is the greatest common divisor of 43993 and 182891?
37
What is the highest common factor of 36 and 119482578?
18
Calculate the greatest common divisor of 2736 and 19879092.
684
What is the greatest common factor of 97 and 161296353?
97
Calculate the greatest common factor of 3313290 and 181398.
3702
Calculate the highest common divisor of 13000 and 5781750.
3250
What is the highest common divisor of 126516327 and 21?
21
What is the greatest common factor of 120041325 and 5400?
675
Calculate the greatest common factor of 63694434 and 6.
6
Calculate the highest common divisor of 536413 and 5218115.
1537
What is the highest common divisor of 450 and 3363650?
50
What is the highest common factor of 407 and 1205237?
11
Calculate the greatest common factor of 562001 and 33.
11
Calculate the highest common divisor of 504567 and 28557.
9
Calculate the highest common divisor of 2412423 and 41001.
237
What is the greatest common divisor of 458 and 52528478?
458
Calculate the greatest common factor of 16038 and 1730322.
1782
Calculate the highest common factor of 1030077 and 397681.
157
Calculate the highest common divisor of 85 and 4883573.
17
What is the highest common factor of 7508590 and 4948?
2474
What is the greatest common factor of 122 and 662275414?
122
What is the highest common divisor of 108550 and 40040?
130
Calculate the greatest common factor of 19830 and 6668430.
30
What is the greatest common divisor of 6412 and 151869823?
1603
What is the greatest common factor of 2 and 269255762?
2
What is the greatest common divisor of 836609475 and 23?
23
What is the highest common divisor of 56126 and 2770219?
4009
What is the highest common factor of 3282504120 and 36?
36
What is the highest common divisor of 932885 and 65?
5
What is the greatest common factor of 3052250 and 84100?
1450
Calculate the highest common factor of 794131 and 10541.
127
What is the greatest common divisor of 189 and 50744673?
63
Calculate the highest common factor of 510622192 and 178.
178
Calculate the greatest common divisor of 1760 and 467236.
44
What is the highest common factor of 64876 and 127792?
196
What is the highest common divisor of 2328627 and 99813?
1029
Calculate the greatest common divisor of 324 and 6701454.
162
Calculate the greatest common factor of 2871000 and 759825.
2475
Calculate the greatest common divisor of 4178025 and 1200.
75
What is the greatest common factor of 224 and 11714024?
56
What is the highest common factor of 6482439 and 50100?
501
Calculate the greatest common factor of 26807 and 44.
11
Calculate the greatest common factor of 268174449 and 54.
27
Calculate the greatest common divisor of 151330547 and 46.
23
Calculate the greatest common factor of 53 and 191323375.
53
What is the highest common divisor of 771901 and 16?
1
What is the greatest common factor of 718208 and 13756?
724
What is the greatest common divisor of 1768245 and 33765?
15
Calculate the greatest common factor of 605 and 3052709.
121
What is the highest common factor of 11949782 and 416?
26
What is the greatest common divisor of 76552037 and 17?
17
Calculate the highest common factor of 1107 and 89559.
27
Calculate the highest common divisor of 480438 and 2265578.
574
What is the greatest common factor of 96545999 and 11?
11
What is the greatest common divisor of 2257 and 561919?
37
What is the greatest common divisor of 1320 and 110351208?
264
What is the greatest common divisor of 658 and 217491372?
658
What is the highest common factor of 1512 and 12496302?
378
What is the greatest common factor of 267181372 and 66699?
7411
What is the greatest common factor of 137134441 and 4899?
1633
What is the highest common factor of 132 and 58053204?
132
Calculate the greatest common factor of 1171030 and 4900.
70
What is the highest common factor of 1262352 and 4245696?
4368
What is the highest common factor of 270 and 26382672?
54
What is the highest common divisor of 8 and 1087625416?
8
Calculate the highest common divisor of 202243068 and 8460.
1692
Calculate the highest common factor of 305 and 2498438.
61
Calculate the highest common divisor of 90 and 153821088.
18
Calculate the greatest common factor of 169712 and 29936.
16
What is the highest common divisor of 7473 and 4466598?
141
Calculate the highest common factor of 404 and 6383402.
202
What is the highest common factor of 344769 and 20295?
123
Calculate the highest common divisor of 51620 and 668.
4
Calculate the greatest common factor of 3316845 and 13020.
3255
What is the highest common factor of 143 and 55561363?
143
What is the highest common factor of 2301878659 and 4777?
4777
Calculate the greatest common divisor of 1142814132 and 393.
393
Calculate the greatest common factor of 6726055 and 1295.
35
Calculate the highest common divisor of 580732 and 2350.
94
Calculate the highest common divisor of 855 and 141945.
15
Calculate the highest common factor of 2430004 and 191036.
652
Calculate the greatest common factor of 31607639 and 3878.
1939
What is the greatest common divisor of 626 and 1937237754?
626
What is the greatest common divisor of 3177797 and 245?
49
What is the greatest common factor of 17630416 and 20?
4
Calculate the highest common divisor of 30672 and 26944.
16
Calculate the greatest common factor of 639813 and 29013.
1527
What is the highest common factor of 150 and 299367495?
15
Calculate the greatest common divisor of 125882588 and 1196.
1196
Calculate the highest common factor of 43313518 and 1374.
458
Calculate the highest common divisor of 13208 and 2276856.
1016
Calculate the greatest common factor of 6213 and 868643672.
2071
Calculate the greatest common divisor of 128 and 5825216.
64
What is the highest common factor of 2477108621 and 13?
13
Calculate the highest common divisor of 25824 and 127776.
96
What is the greatest common factor of 1815933 and 51772?
301
What is the highest common factor of 690 and 272986770?
690
Calculate the highest common divisor of 9519 and 64353.
57
What is the greatest common divisor of 78018024 and 24?
24
What is the highest common factor of 585350472 and 98?
98
What is the greatest common factor of 490207796 and 65?
13
Calculate the highest common factor of 1871084 and 12.
4
Calculate the greatest common divisor of 279 and 4134346.
31
What is the greatest common divisor of 2908 and 6700?
4
Calculate the highest common factor of 65689 and 175552793.
2119
What is the highest common divisor of 278772231 and 2217?
2217
What is the highest common factor of 680 and 107036080?
680
Calculate the greatest common factor of 11 and 91901876.
11
What is the greatest common factor of 210 and 55273980?
30
What is the greatest common factor of 7722 and 38913732?
2574
Calculate the greatest common factor of 220 and 227746420.
220
Calculate the highest common factor of 1704192 and 28416.
768
Calculate the greatest common factor of 1872937 and 1177.
11
What is the highest common factor of 32058 and 708838?
3562
Calculate the greatest common factor of 5588 and 3498596.
508
What is the greatest common factor of 3712970 and 289?
17
Calculate the greatest common factor of 94022474 and 273.
91
What is the highest common factor of 28990 and 125890190?
2230
Calculate the highest common factor of 1352520 and 5716080.
6120
Calculate the greatest common divisor of 100740 and 2083455.
345
Calculate the highest common divisor of 345494988 and 6984.
3492
What is the greatest common divisor of 14 and 97509013?
7
What is the highest common divisor of 182743740 and 148?
148
What is the greatest common factor of 10564 and 17655919?
139
What is the greatest common divisor of 16899 and 1505?
43
What is the greatest common divisor of 4032 and 1773909?
9
What is the highest common factor of 9125 and 113825?
25
What is the highest common divisor of 155 and 54995860?
155
Calculate the greatest common divisor of 140565615 and 120705.
92